
-a6800
In base 16, what is 1 + -558c?
-558b
In base 4, what is -11203230 + 10?
-11203220
In base 9, what is -6125 - 162?
-6287
In base 5, what is 13113104 - 0?
13113104
In base 2, what is 1001000 - 1010001110010?
-1010000101010
In base 8, what is -54470 - 2?
-54472
In base 9, what is -4341 + 27?
-4313
In base 14, what is -dd6a + 2?
-dd68
In base 4, what is -100312 - 21020?
-121332
In base 7, what is -202625 + 1?
-202624
In base 6, what is 103 + 21122?
21225
In base 2, what is -100 + 1001101111100100?
1001101111100000
In base 2, what is -11010110110 + -1?
-11010110111
In base 11, what is -762aa + 3?
-762a7
In base 10, what is -134271 + 0?
-134271
In base 3, what is 222 - 222010022?
-222002100
In base 12, what is -6481 - -3b?
-6442
In base 7, what is 1 + -3245026?
-3245025
In base 7, what is 316145 - 12?
316133
In base 4, what is 1010023022 + -3?
1010023013
In base 15, what is 37 + -1b14?
-1acc
In base 2, what is -100011001 - 1100111011110?
-1101011110111
In base 15, what is -2 + 16c7?
16c5
In base 15, what is 214 - 33?
1d1
In base 15, what is -3 - -2b99a2?
2b999e
In base 14, what is -3 + -13575?
-13578
In base 5, what is -320 + -12033?
-12403
In base 4, what is -1330 - -11031?
3101
In base 15, what is 0 - 1ddee?
-1ddee
In base 2, what is -11110010110101 - 10?
-11110010110111
In base 16, what is 0 + 314ff?
314ff
In base 4, what is -203 - 1022100?
-1022303
In base 10, what is 2672 + 10?
2682
In base 10, what is 599 - 53?
546
In base 2, what is 1001 + -100110110?
-100101101
In base 10, what is -2 + 57053?
57051
In base 7, what is 5 - 3641?
-3633
In base 9, what is 612561 - 5?
612555
In base 11, what is -6 + -17a30?
-17a36
In base 3, what is 1 + 2201001212?
2201001220
In base 13, what is 2c06 - c9?
2b0a
In base 10, what is 2677 - -207?
2884
In base 7, what is -26250 + 55?
-26162
In base 12, what is -4a236 - -3?
-4a233
In base 8, what is 306 - 3553?
-3245
In base 7, what is -45361 + -346?
-46040
In base 13, what is 62b82 - -5?
62b87
In base 15, what is -3 - -173a?
1737
In base 3, what is 2212 + -2010?
202
In base 15, what is -a516 - 4?
-a51a
In base 16, what is -33b42 + -3?
-33b45
In base 4, what is -1302322 - 12?
-1303000
In base 9, what is 66530 + 1?
66531
In base 3, what is 1121111100221 - -11?
1121111101002
In base 6, what is -4 + 432402?
432354
In base 5, what is 21400 + 130?
22030
In base 16, what is -1 - -5e46?
5e45
In base 9, what is 1843 - 525?
1317
In base 9, what is 3 - 61703?
-61700
In base 4, what is -1301 + 100230?
32323
In base 15, what is -5 - -50cc2?
50cbc
In base 10, what is -933 - 292?
-1225
In base 15, what is -3 - b04?
-b07
In base 10, what is -93 + -547?
-640
In base 10, what is -46 + 2987?
2941
In base 11, what is -46 - -1260?
1215
In base 3, what is -21210 + 2202111?
2110201
In base 14, what is 23b7 + 12?
23c9
In base 10, what is 116 + 1993?
2109
In base 3, what is 12 - -1202221222221?
1202222000010
In base 16, what is -56 + -c76?
-ccc
In base 6, what is -2 - 252253?
-252255
In base 4, what is 1013102111 - 0?
1013102111
In base 6, what is -143 - -2530?
2343
In base 9, what is 1 + 63611?
63612
In base 12, what is -1868 + 13?
-1855
In base 13, what is -67 + 1cbc?
1c55
In base 12, what is -95 - 4a26?
-4abb
In base 2, what is 11100000 + -1001?
11010111
In base 15, what is 129e4 + -4c?
12997
In base 11, what is 32 + -1a737?
-1a705
In base 2, what is -10 + -1111101101111101?
-1111101101111111
In base 13, what is -50050 - -1?
-5004c
In base 3, what is 10210001012 - -210?
10210001222
In base 8, what is 3 - -10134?
10137
In base 6, what is -13224455 + -5?
-13224504
In base 11, what is -43 + 1001?
a69
In base 4, what is 2011 + -12030?
-10013
In base 16, what is 4 - 85e?
-85a
In base 8, what is -3 + -30115?
-30120
In base 14, what is -32633 - 11?
-32644
In base 2, what is 100001101000110 + 1?
100001101000111
In base 5, what is -301421130 + 4?
-301421121
In base 9, what is 4 - -23187?
23202
In base 6, what is 2220041 + -3?
2220034
In base 10, what is 1 - 1710188?
-1710187
In base 14, what is -614 - -11?
-603
In base 7, what is -1 - 246645?
-246646
In base 4, what is -32233 + -102?
-33001
In base 3, what is 1201221121211 + -1?
1201221121210
In base 5, what is 41 + 1030044?
1030140
In base 12, what is -8565 - -4?
-8561
In base 14, what is -178 - -27b8?
2640
In base 12, what is 77 - -274?
32b
In base 15, what is 0 + 41ab?
41ab
In base 11, what is 43 - -4048?
4090
In base 4, what is -102021 - -213?
-101202
In base 6, what is -11 + -41430?
-41441
In base 12, what is 864 + 4?
868
In base 5, what is 2 - -300423?
300430
In base 8, what is 32441 - -2?
32443
In base 9, what is 227760 + -14?
227745
In base 8, what is -415 - 457?
-1074
In base 16, what is 4 + -1d?
-19
In base 9, what is 172367 - -6?
172374
In base 4, what is -2021122011 + -11?
-2021122022
In base 3, what is 0 - -102212110010?
102212110010
In base 14, what is -79 - -1872?
17d7
In base 3, what is 100001 + -22001200?
-21201122
In base 14, what is -5 + -9d21?
-9d26
In base 16, what is 496 - 0?
496
In base 13, what is 9 - -6b7c9?
6b805
In base 2, what is -10001101110101001 - -1?
-10001101110101000
In base 6, what is -221533 - 20?
-221553
In base 5, what is -1122021 - -114?
-1121402
In base 12, what is -1 - 5b62?
-5b63
In base 16, what is c17 + 70?
c87
In base 4, what is -1 - 103233020?
-103233021
In base 6, what is -320515 - -4?
-320511
In base 13, what is 1ccb - -1?
1ccc
In base 4, what is 1113322 + 1?
1113323
In base 12, what is -16a46 - -4?
-16a42
In base 2, what is 10011 - 1010110100?
-1010100001
In base 3, what is -1200112 + 1221011?
20122
In base 3, what is 2200101000 + -2?
2200100221
In base 11, what is -3a7 + -2075?
-2471
In base 9, what is 1672115 - -4?
1672120
In base 10, what is 579 + -2862?
-2283
In base 14, what is 92 - b8a?
-ad8
In base 4, what is 3 + 20001300?
20001303
In base 7, what is -1534 - -23?
-1511
In base 3, what is 11010201 - -1022?
11012000
In base 8, what is -65 + -4531?
-4616
In base 9, what is 13 + -14283?
-14270
In base 2, what is -11011110 + -1011001100100?
-1011101000010
In base 8, what is -15143 + 55?
-15066
In base 11, what is -7 - 90a?
-916
In base 7, what is -14060 - -230?
-13530
In base 12, what is -2939 - 133?
-2a70
In base 3, what is 2222020 + -1?
2222012
In base 7, what is -2 + -42131?
-42133
In base 4, what is -21 - 1211330?
-1212011
In base 8, what is 173106 + 5?
173113
In base 8, what is 3327 + 2431?
5760
In base 3, what is 0 + -10212022202?
-10212022202
In base 6, what is -1130040 + -2?
-1130042
In base 14, what is 2c8 + -b2?
216
In base 14, what is -3 + -96928?
-9692b
In base 9, what is 4 + 3704?
3708
In base 12, what is 2 - -1b000?
1b002
In base 14, what is -1 - 127a4?
-127a5
In base 16, what is -f - 2fa5c?
-2fa6b
In base 11, what is 7a3 + 22?
815
In base 16, what is -11b1 + -16?
-11c7
In base 8, what is 2060231 - 3?
2060226
In base 2, what is -10110111101 - 1100100100?
-100011100001
In base 3, what is 121 - 2121010211?
-2121010020
In base 14, what is 1 + -a89a?
-a899
In base 10, what is 570551 - 5?
570546
In base 16, what is 5443c + 1?
5443d
In base 16, what is 78a + 9?
793
In base 9, what is 134 + 2151?
2285
In base 3, what is -12 + -1121122?
-1121211
In base 3, what is 10 + 2101010?
2101020
In base 9, what is 127 + 143?
271
In base 2, what is -10010000111101000 - 100?
-10010000111101100
In base 2, what is 1 - -110100110011100?
110100110011101
In base 9, what is 10 + 5164?
5174
In base 11, what is 44 + -8346?
-8302
In base 9, what is 344 - 2071?
-1626
In base 13, what is 74 - -403?
477
In base 14, what is -1614 - 9?
-161d
In base 9, what is -3 + 6660?
6656
In base 15, what is -59 + -7a3?
-80c
In base 15, what is 899ed + 5?
89a03
In base 5, what is 44 + 21214?
21313
In base 7, what is -2 + -1511?
-1513
In base 16, what is 4 + -28f55?
-28f51
In base 16, what is -47b426 - -3?
-47b423
In base 10, what is -238 + -161?
-399
In base 14, what is 4 - -423a?
4240
In base 6, what is -5 + -113003?
-113012
In base 16, what is -1fe - 76a?
-968
In base 3, what is 1121201000200 + -12?
1121201000111
In base 3, what is -112011222021121 + 1?
-112011222021120
In base 2, what is 11100 - 110010110?
-101111010
In base 14, what is 8 + -1309c7?
-1309bd
In base 10, what is 101 - 280?
-179
In base 9, what is 22352 - -7?
22360
In base 13, what is -1295a5 - 4?
-1